o base 8
-22022
What is 323001 (base 4) in base 11?
2924
-8a2 (base 15) to base 2
-11110100000
What is 13999 (base 10) in base 5?
421444
Convert 1012 (base 13) to base 10.
2212
Convert 1010030 (base 4) to base 16.
110c
Convert -23220002 (base 4) to base 8.
-135002
Convert -310120 (base 4) to base 11.
-2578
Convert -23354 (base 6) to base 9.
-4567
What is 222101 (base 3) in base 5?
10322
Convert 1292a (base 11) to base 10.
18424
Convert 1020110 (base 3) to base 10.
903
What is 200221 (base 3) in base 13?
304
What is 43460 (base 9) in base 13?
10161
1321 (base 14) to base 4
310201
What is 91 (base 11) in base 12?
84
Convert 310012 (base 4) to base 11.
2561
Convert 977 (base 13) to base 14.
839
-728 (base 14) to base 9
-1834
Convert 554 (base 10) to base 8.
1052
1101111001 (base 2) to base 13
535
Convert -102122 (base 3) to base 11.
-266
2010012211 (base 3) to base 15
c55a
What is 1233 (base 7) in base 6?
2053
-120112 (base 3) to base 13
-263
1583a (base 13) to base 16
9ff3
-13422 (base 7) to base 11
-2811
-6344 (base 8) to base 11
-2530
What is -ad59 (base 15) in base 3?
-1212102110
-796 (base 14) to base 3
-2001201
What is -5446 (base 11) in base 13?
-3370
What is 181 (base 16) in base 3?
112021
-313 (base 8) to base 6
-535
What is 100 (base 6) in base 2?
100100
What is 2745 (base 8) in base 2?
10111100101
What is -357 (base 12) in base 13?
-2c5
What is -504 (base 7) in base 4?
-3321
-1200111 (base 3) to base 16
-4cc
Convert -e7e (base 15) to base 5.
-101034
What is -1177d (base 16) in base 15?
-162ee
Convert 4201 (base 8) to base 2.
100010000001
423131 (base 5) to base 10
14166
What is -100011110 (base 2) in base 5?
-2121
What is 202002 (base 4) in base 12?
1316
What is 50131 (base 7) in base 6?
131524
Convert -3253 (base 6) to base 15.
-353
Convert -9dc (base 14) to base 11.
-1520
Convert 11a00 (base 12) to base 13.
ab5a
-54 (base 7) to base 11
-36
What is 70046 (base 8) in base 2?
111000000100110
6288 (base 16) to base 13
b634
3120430 (base 5) to base 16
c8a5
What is -22 (base 5) in base 12?
-10
What is 32c6 (base 13) in base 12?
412b
What is 20412 (base 5) in base 8?
2515
What is -10d06 (base 14) in base 16?
-a00a
Convert -1111001010 (base 2) to base 9.
-1287
Convert 403503 (base 6) to base 12.
16593
What is -120202 (base 3) in base 11?
-357
-b0 (base 13) to base 11
-120
-2114 (base 6) to base 15
-21d
What is -4559 (base 10) in base 7?
-16202
-22630 (base 7) to base 9
-7857
What is 1320501 (base 6) in base 2?
10001110000110101
Convert -1000001010001 (base 2) to base 4.
-1001101
What is -3c73 (base 14) in base 2?
-10100110111101
What is 14 (base 7) in base 9?
12
-338 (base 12) to base 14
-260
What is -2b45 (base 12) in base 7?
-20564
Convert -4bae (base 15) to base 16.
-3f0b
What is -102021313 (base 4) in base 2?
-10010001001110111
What is -23c7 (base 13) in base 15?
-1779
Convert -12301 (base 4) to base 12.
-301
Convert ad2 (base 16) to base 9.
3717
310 (base 8) to base 13
125
212002211 (base 3) to base 12
98b7
-2124 (base 6) to base 15
-224
42d8 (base 14) to base 4
2310212
Convert -318 (base 14) to base 2.
-1001100010
Convert 3113 (base 7) to base 4.
101000
-3262 (base 7) to base 10
-1171
3180 (base 9) to base 13
10b0
452 (base 10) to base 5
3302
What is 34554 (base 7) in base 12?
5163
Convert 24064 (base 11) to base 15.
a41b
What is -2265 (base 7) in base 4?
-30333
Convert -2499 (base 15) to base 10.
-7794
Convert 11001010011 (base 2) to base 9.
2188
What is 2132102 (base 5) in base 9?
55085
What is 1893 (base 10) in base 14?
993
13608 (base 10) to base 16
3528
Convert -6463 (base 7) to base 14.
-ba3
104 (base 6) to base 14
2c
Convert 548 (base 15) to base 14.
613
Convert 12153 (base 6) to base 16.
705
Convert -1c46 (base 13) to base 4.
-1002323
141123 (base 6) to base 16
33ab
What is 1042 (base 7) in base 10?
373
What is -111000001110 (base 2) in base 5?
-103343
97 (base 12) to base 8
163
What is 7704 (base 10) in base 4?
1320120
What is -12 (base 4) in base 15?
-6
What is -1e9 (base 15) in base 8?
-674
Convert 5871 (base 11) to base 7.
31311
What is -889 (base 12) in base 13?
-759
What is 75287 (base 9) in base 2?
1100001010010101
-9b4 (base 16) to base 5
-34414
Convert -351 (base 7) to base 16.
-b7
-943 (base 10) to base 11
-788
110011100011 (base 2) to base 8
6343
Convert 7954 (base 10) to base 15.
2554
-2033 (base 6) to base 10
-453
185c (base 15) to base 8
12216
What is 4160 (base 12) in base 10?
7128
Convert -3ea (base 15) to base 5.
-12040
-265 (base 9) to base 16
-dd
What is 188 (base 11) in base 7?
430
3422 (base 6) to base 13
4a0
What is 234 (base 9) in base 16?
c1
Convert -1011200 (base 3) to base 6.
-3543
What is -2111 (base 9) in base 16?
-60d
401 (base 9) to base 16
145
What is 462 (base 12) in base 13?
3b0
What is -102011 (base 3) in base 13?
-1a2
What is -141224 (base 5) in base 2?
-1011010110110
What is -1000011111001110 (base 2) in base 4?
-20133032
Convert 1201220 (base 3) to base 6.
5510
2020021 (base 3) to base 7
4513
-54205 (base 6) to base 14
-29c1
Convert -27397 (base 10) to base 13.
-c616
What is -3303 (base 6) in base 9?
-1033
What is -16c (base 15) in base 14?
-195
Convert 100011111 (base 2) to base 12.
1bb
Convert -7566 (base 9) to base 7.
-22143
651 (base 8) to base 6
1545
Convert 104446 (base 7) to base 12.
a7a1
Convert -b2 (base 15) to base 14.
-bd
Convert 307 (base 8) to base 3.
21101
What is 33540 (base 7) in base 8?
20471
12123331 (base 4) to base 5
1320430
What is -1011110001001 (base 2) in base 3?
-22021011
What is -2550 (base 13) in base 5?
-132204
Convert 8944 (base 11) to base 7.
46234
-2235 (base 8) to base 10
-1181
-300030 (base 4) to base 16
-c0c
What is 35166 (base 8) in base 6?
153142
1700 (base 15) to base 11
37a0
Convert 1130 (base 4) to base 11.
84
What is 8705 (base 16) in base 15?
a395
4680 (base 11) to base 16
17fa
5d3 (base 14) to base 3
1121011
Convert -3d5 (base 15) to base 5.
-12000
Convert 44363 (base 7) to base 10.
11168
What is 23402 (base 9) in base 3?
210110002
Convert -12771 (base 9) to base 8.
-20712
What is -2436 (base 7) in base 8?
-1615
-2020 (base 4) to base 13
-a6
Convert -11014 (base 7) to base 10.
-2755
-100010001100 (base 2) to base 3
-10000001
What is 1200021 (base 3) in base 13?
730
Convert -313 (base 10) to base 14.
-185
Convert 12203 (base 4) to base 2.
110100011
What is 688 (base 11) in base 9?
1113
Convert 1611 (base 8) to base 13.
548
-7252 (base 10) to base 5
-213002
-1535c (base 14) to base 10
-52806
What is 1809 (base 10) in base 5?
24214
What is -12215 (base 7) in base 14?
-1245
Convert -5812 (base 9) to base 16.
-10d0
What is 1100000100100 (base 2) in base 4?
1200210
Convert 2814 (base 16) to base 13.
4893
What is 410 (base 8) in base 7?
525
Convert -72 (base 9) to base 7.
-122
Convert -4a91 (base 15) to base 13.
-7300
Convert -33b9 (base 12) to base 16.
-167d
What is 44105 (base 7) in base 10?
11030
22c (base 14) to base 5
3212
Convert 40052 (base 6) to base 10.
5216
-7019 (base 11) to base 6
-111121
What is -101011222 (base 3) in base 7?
-30434
Convert -10343 (base 8) to base 13.
-1c77
30791 (base 10) to base 13
11027
Convert 43410 (base 5) to base 10.
2980
What is a11 (base 11) in base 14?
634
10b (base 15) to base 7
455
Convert -1113443 (base 6) to base 8.
-156343
What is 53453 (base 7) in base 9?
20172
What is -1103001 (base 4) in base 16?
-14c1
Convert 30a (base 12) to base 4.
12322
Convert ad (base 15) to base 7.
322
What is -101010101011 (base 2) in base 10?
-2731
-2355 (base 6) to base 7
-1451
1020 (base 5) to base 13
a5
-401004 (base 6) to base 16
-7a5c
-10101011001110 (base 2) to base 4
-2223032
Convert -55c6 (base 13) to base 10.
-11992
What is 7370 (base 8) in base 16?
ef8
Convert 37633 (base 8) to base 5.
1010113
What is -1f7b (base 16) in base 6?
-101151
Convert 52313 (base 8) to base 2.
101010011001011
What is -1220300 (base 5) in base 12?
-11514
-12011013 (base 4) to base 13
-b448
Convert 2034 (base 8) to base 7.
3032
ab47 (base 14) to base 7
152320
Convert 31310 (base 4) to base 15.
3de
1806 (base 9) to base 11
1048
Convert 1226 (base 7) to base 11.
38a
Convert 31212 (base 4) to base 2.
1101100110
What is -11 (base 9) in base 2?
-1010
What is -66b (base 12) in base 13?
-57b
3035 (base 7) to base 4
100133
What is -b3 (base 13) in base 1